Let u be (-66)/14 - (-18)/(-63). Let m = -1 - u. Let h(o) = o + 21. Let g(w) = -4. Let r(v) = 11*g(v) + 2*h(v). Calculate r(m).
6
Let b(p) = 40*p + 10. Let q(x) = 7*x + 2. Suppose 0 = 8*w + 4*w + 132. Let o(a) = w*q(a) + 2*b(a). Calculate o(4).
10
Let w(g) be the third derivative of -8*g**2 - 3 + 1/3*g**3 + 0*g + 1/24*g**4. Determine w(0).
2
Let w(o) = -19*o**2 + 4*o + 17. Let l(r) = r + 1. Let z(p) = -3*l(p) + w(p). Let x(t) be the first derivative of z(t). Calculate x(1).
-37
Let k(a) be the first derivative of -a**7/840 + a**6/72 - a**5/30 + a**4/24 + 12*a**3 + 12. Let o(l) be the third derivative of k(l). Calculate o(4).
1
Suppose 5*z - 42 = -5*b - 2, 2*z = -b + 6. Let s(l) be the first derivative of 6*l + 5 - 1/2*l**2. What is s(b)?
-4
Let a(k) = -3*k**2 - 4*k + 7. Let c(v) = v**2 - 2*v + 1. Let f(j) = 10*j**2 + 15*j - 25. Let t(i) = -2*c(i) - f(i). Let z(q) = -7*a(q) + 2*t(q). Calculate z(4).
-27
Let u = 73 + 8. Let k be u/(-9)*2/6. Let c be (2 + k - 1)/(-2). Let l(i) = 18*i**2 + 1. Determine l(c).
19
Let a(i) = -33*i + 12. Let m(w) = -2*w. Let l(z) = a(z) - 18*m(z). Let x be 324/27*2/(-4). Give l(x).
-6
Let m(i) = -1628*i - 118*i**2 + 133*i**2 - 2 - 1630*i + 3258*i. Calculate m(-3).
133
Suppose -7*j + 20 = -2*j. Let x(c) = -179*c**3 + 10*c**2 - 46*c + 26. Let f(s) = 112*s**3 - 7*s**2 + 30*s - 17. Let g(a) = -8*f(a) - 5*x(a). Give g(j).
-2
Let c be (-30)/180 + 774/108. Let j(w) = w**3 - 8*w**2 + 43*w - 270. Determine j(c).
-18
Suppose -32 = 17*d + 189. Let u(q) = -3*q - 42. Determine u(d).
-3
Let g(x) = -x + 5. Let u(d) = d**3 - 28*d**2 + 48*d + 61. Let l(k) = -2*g(k) + u(k). Calculate l(26).
-1
Let z be 40/(1 - ((-135)/(-18) - 9)). Let a(g) = g**3 - 16*g**2 - g + 13. Give a(z).
-3
Let f(g) = g**2 - 136*g + 784. Let o be 3*(-30)/9*612/(-1020). What is f(o)?
4
Let s(q) = -5*q**3 - 11*q**2 + 9*q. Let k(b) = -23*b**3 - 47*b**2 + 36*b. Let o(p) = 2*k(p) - 9*s(p). Give o(4).
-20
Suppose -4*y + 3*l + 23 = 7, 0 = -2*l. Let r be 1/7 + (y - (-100)/(-14)). Let v(p) = -p**3 - p**2 + 2. Determine v(r).
20
Let f(c) = 19*c - 17. Let n be 14 + 35/(-105)*(-1)/((-3)/54). Determine f(n).
135
Let l(b) be the first derivative of -b**4/12 - 7*b**3/6 - 3*b**2/2 - 9*b - 41. Let j(p) be the first derivative of l(p). Give j(-7).
-3
Let u(a) = a**2 + 9*a - 20. Suppose -174*q = -527 - 517. Calculate u(q).
70
Let k(h) = h**3 + 11*h**2 + 13*h + 17. Let w(n) = -8*n**2 - 34*n + 90. Let l be w(2). Give k(l).
-13
Let z(a) be the third derivative of a**6/120 + a**5/10 - a**4/24 - 4*a**3/3 + 280*a**2. Give z(-5).
22
Let i(s) = 5*s**3 - 9*s - 10. Let o be i(-1). Let n(d) = -3*d + 7. Determine n(o).
25
Let b(i) = -69*i + 6 + 5 - 66*i - 64*i + 203*i. Calculate b(-10).
-29
Suppose 0 = 2*z + 3*i, i = 4*z - 0*i + 28. Let s be (-12)/z*-1*(2 - 0). Let o(r) = r**2 + 2*r - 11. Determine o(s).
-3
Suppose 455*n - 456*n + 4 = 0. Suppose 0 = -n*w + 84 - 44. Let m(t) = -t**2 + 12*t + 6. Give m(w).
26
Let b = 1451 - 1453. Let c(d) = d**2 + 1 - 467*d + 467*d + d**2. Determine c(b).
9
Let f(v) be the first derivative of 13*v**4/2 - v**3 + v**2/2 + v + 7546. Determine f(-1).
-29
Let b(n) be the second derivative of -n**6/360 + n**5/40 - 3*n**4/8 - 71*n**3/6 - n**2/2 - 10*n. Let h(r) be the second derivative of b(r). Give h(6).
-27
Let w be 5 + (-664)/(-32) + 2/8. Let f(k) = -k**3 + 27*k**2 - 26*k + 1. What is f(w)?
1
Let k(o) be the third derivative of o**4/8 + o**3/3 - 408*o**2. Determine k(12).
38
Let a = 859 - 805. Let y(u) = -1 - 2*u + a*u**2 - 104*u**2 - 10*u**3 + 49*u**2. Calculate y(-1).
10
Let f(j) be the first derivative of 43 + 1/2*j**2 + 7*j. Give f(-6).
1
Let h(t) = 70*t**3 + 10*t**2 + 20*t - 13. Let w(y) = 22*y**3 + 3*y**2 + 6*y - 4. Let v(u) = -2*h(u) + 7*w(u). Give v(1).
15
Suppose 5 + 4 = z. Let o be ((-3)/(-2))/(z/(-6)). Let w(j) = 6*j - 25. Let n(l) = 7*l - 21. Let c(i) = -6*n(i) + 5*w(i). Calculate c(o).
13
Let u(l) = -13*l**3 - 13*l**2 - 8*l + 1. Let i(s) = -10*s**3 - 13*s**2 - 9*s + 2. Let f(c) = -4*i(c) + 3*u(c). Determine f(-12).
-5
Let n(h) = -h**2 + 4. Suppose -5*i = -4*i. Let a(g) = -g**3 - g**2 + 2*g + 16. Let m be a(i). Let t = m + -13. Give n(t).
-5
Suppose 4*m = 2*i + 49 + 41, -9 = -m + 5*i. Suppose 10*b = -44 + m. Let j(c) = 3*c + 2*c**2 + 0*c**2 - c. Give j(b).
4
Let m(t) = t**2 - 66*t + 299. Let z(a) = -4*a**2 + 278*a - 1195. Let q(l) = 9*m(l) + 2*z(l). Determine q(11).
4
Let b(t) be the first derivative of 5*t - 5/2*t**2 - 1/3*t**3 - 2. Suppose -1628*i + 40 = -1633*i. Give b(i).
-19
Let c(s) = 10*s + 1. Let j(u) = 38*u + 54. Let q(v) = 4*c(v) - j(v). Determine q(29).
8
Let d = 102 + -58. Let c = 47 - d. Let s(y) = 4*y**2 - 5*y + 3. Give s(c).
24
Let y(c) be the second derivative of c**5/20 + c**4/2 + c**3/3 + c**2 - 258*c - 1. Let f be 2 + 3 - (0 - -1). Let u be (12/f)/((-1)/2). What is y(u)?
-10
Let y be (1/(-2))/(19/19)*-112. Let m(p) = -23 + p - 30 + y. Calculate m(-1).
2
Let l(i) = -30*i - 1 - 29*i + 58*i. Let k be l(-3). Let n(s) = -s - k + 6 + 0 + 0*s. Give n(5).
-1
Suppose -23*g = -68 - 24. Let n(v) = -3*v + 17. Let f(c) = -c + 6. Let s(x) = -11*f(x) + 4*n(x). Determine s(g).
-2
Suppose -20*y - 30 = 10*y - 30. Let u(h) = h**2 + 105. What is u(y)?
105
Let d(u) = -50*u + 200*u - 64*u - 55*u - 62*u - 13 - 2*u**2. What is d(-14)?
29
Let j(i) = 424*i + 5528. Let f be j(-13). Let c(b) = 7*b - 40. Let w(l) = -15*l + 81. Let r(z) = -13*c(z) - 6*w(z). Give r(f).
18
Suppose 3*c - 51 = q - 4*q, -5*c = -2*q - 106. Let v(o) be the second derivative of 1/20*o**5 + 0 + 1/12*o**4 + c*o - 1/6*o**3 - 1/2*o**2. Give v(0).
-1
Let n(i) = i**3 + 4*i**2 + 2*i + 4. Suppose 39 = 16*a - 25. Suppose -5*j + 3*j - 1 = d, a*j - 4 = 0. Calculate n(d).
7
Suppose -5*x + 13*x = 16. Let h(t) = -5*t - 2 - 10*t - t**x + 13*t + 2*t**2. Let r(v) = -v + 3. Let p be r(5). Determine h(p).
6
Let x(z) be the first derivative of -z**6/120 + 3*z**5/20 - z**4/3 + z**3/6 + 10*z**2 + z + 192. Let k(h) be the second derivative of x(h). Give k(8).
1
Let h(d) = 88*d - 526. Let u be (15 + -19)/((-2)/5) - 4. Give h(u).
2
Suppose 6 + 1 = 7*r. Let t = -21 - -23. Let z(o) = 5*o**3 + 1 - 2 + 2 - t*o**2 + 4*o**3. Give z(r).
8
Let h(w) = w**2 + 9*w - 5. Suppose 4*a = 2*a + 1386. Suppose -14*r = -3*r + a. Let u = r - -54. Calculate h(u).
-5
Let r(a) = -2*a - 4. Let o be r(-4). Let d = 217 - 205. Let m(t) = -d + 4 + 0 - 3*t + 3. Determine m(o).
-17
Let h(m) = m**3 + 11*m**2 + 2*m - 3. Let q(x) = -10*x + 13*x - 1 + x**3 + 8*x**2 - 4 + 2*x**2. Let j(r) = -2*h(r) + 3*q(r). Give j(-7).
5
Let l(v) be the third derivative of -v**4/12 + 13*v**3/3 - 1101*v**2. Determine l(8).
10
Let m(p) = -2*p**2 + 2*p + 3. Let x = 165 + -148. Suppose 0 = 4*d - x + 5. Determine m(d).
-9
Let o(z) be the second derivative of 1/2*z**2 + 0 + 101*z - 2/3*z**4 + 0*z**3. Calculate o(1).
-7
Let q be (-7 - (-140)/8)*(4 - 2). Let v(r) = -r**3 + 20*r**2 + 22*r + 15. Calculate v(q).
36
Let y(l) = -6 - 2*l + 179*l**2 + 3 - 180*l**2 + 5. What is y(-2)?
2
Let s be 1 + 0*(-1)/(-2). Let w(x) be the first derivative of x**4/2 - x**3/3 + 8672. What is w(s)?
1
Let s be (-1)/4 + (-1100)/(-176). Let g(l) be the first derivative of l**3/3 - 3*l**2/2 + 9*l - 22. Calculate g(s).
27
Let b(p) be the third derivative of -98*p**2 + 0*p - 1/12*p**4 + 4*p**3 + 0. Give b(0).
24
Let v be (6/(-4))/(2/(-4)). Let l(w) be the first derivative of 3/2*w**2 - 23 - 2/3*w**3 - v*w. Calculate l(2).
-5
Let w(z) be the first derivative of z**4/4 - 8*z**2 + 4*z + 66. What is w(-4)?
4
Suppose m - 44*o = -43*o - 5, 3*m + o = -3. Let g(h) = 5*h**3 + 2*h**2 + 9*h + 12. Give g(m).
-38
Suppose -35*v + 168 = -23*v. Let g be (2/(-3)*v)/((-8)/12). Let n(c) = c**2 - 14*c - 2. Determine n(g).
-2
Let z(b) = b**3 + b**2 + b. Let p = 13 + -30. Suppose 21*a + 114 + 264 = 0. Let y = a - p. Calculate z(y).
-1
Let r = -5713 - -5715. Let v(i) be the first derivative of 1/2*i**2 - 14 + i + r*i**3. Determine v(-1).
6
Let k(d) = -d**2 + 14*d - 24. Let s = 975 + -962. Give k(s).
-11
Let v = -12 + 17. Suppose -17 = x + v*h + 5, 2*x - 5*h = 31. Let n(r) = 5*r**2 + 3*r. Let p(y) = 26*y**2 + 13*y - 3. Let d(s) = 5*n(s) - p(s). Determine d(x).
0
Let m be (2/4)/((-1)/4). Let r(b) = -13*b**2 - 2*b - 1. Let i(k) = -71*k**2 - 11*k - 5. Let p(n) = -6*i(n) + 33*r(n). Determine p(m).
-15
Let o(x) be the third